48527
What are the prime factors of 5615?
5, 1123
List the prime factors of 4316.
2, 13, 83
What are the prime factors of 7658?
2, 7, 547
List the prime factors of 11213.
11213
What are the prime factors of 2788?
2, 17, 41
What are the prime factors of 35390?
2, 5, 3539
List the prime factors of 762.
2, 3, 127
What are the prime factors of 929?
929
List the prime factors of 273.
3, 7, 13
What are the prime factors of 2627?
37, 71
List the prime factors of 786.
2, 3, 131
What are the prime factors of 21512?
2, 2689
List the prime factors of 10825.
5, 433
List the prime factors of 116859.
3, 38953
What are the prime factors of 1453?
1453
List the prime factors of 69246.
2, 3, 3847
List the prime factors of 48654.
2, 3, 17, 53
List the prime factors of 354.
2, 3, 59
What are the prime factors of 63421?
63421
What are the prime factors of 38340?
2, 3, 5, 71
List the prime factors of 1743.
3, 7, 83
What are the prime factors of 3579?
3, 1193
List the prime factors of 35851.
35851
What are the prime factors of 167547?
3, 55849
What are the prime factors of 4598?
2, 11, 19
What are the prime factors of 7924?
2, 7, 283
What are the prime factors of 7215?
3, 5, 13, 37
What are the prime factors of 86139?
3, 17, 563
List the prime factors of 48012.
2, 3, 4001
List the prime factors of 22594.
2, 11, 13, 79
What are the prime factors of 9676?
2, 41, 59
List the prime factors of 738.
2, 3, 41
List the prime factors of 1916.
2, 479
List the prime factors of 2184.
2, 3, 7, 13
What are the prime factors of 657?
3, 73
List the prime factors of 3813.
3, 31, 41
List the prime factors of 293.
293
List the prime factors of 379.
379
What are the prime factors of 13743?
3, 509
List the prime factors of 1757.
7, 251
List the prime factors of 1554.
2, 3, 7, 37
What are the prime factors of 118115?
5, 23623
List the prime factors of 2803.
2803
What are the prime factors of 53133?
3, 89, 199
What are the prime factors of 106?
2, 53
List the prime factors of 16030.
2, 5, 7, 229
List the prime factors of 487.
487
List the prime factors of 1193.
1193
What are the prime factors of 1458?
2, 3
List the prime factors of 2781.
3, 103
What are the prime factors of 77?
7, 11
List the prime factors of 4939.
11, 449
List the prime factors of 793.
13, 61
List the prime factors of 2330.
2, 5, 233
List the prime factors of 1175.
5, 47
List the prime factors of 865.
5, 173
List the prime factors of 2274.
2, 3, 379
List the prime factors of 77613.
3, 41, 631
What are the prime factors of 2903?
2903
List the prime factors of 3086.
2, 1543
List the prime factors of 2241.
3, 83
What are the prime factors of 37835?
5, 7, 23, 47
What are the prime factors of 4229?
4229
What are the prime factors of 25202?
2, 12601
What are the prime factors of 35278?
2, 31, 569
What are the prime factors of 24?
2, 3
List the prime factors of 132280.
2, 5, 3307
What are the prime factors of 13281?
3, 19, 233
List the prime factors of 4602.
2, 3, 13, 59
List the prime factors of 3848.
2, 13, 37
What are the prime factors of 1087?
1087
List the prime factors of 1448.
2, 181
What are the prime factors of 1787?
1787
What are the prime factors of 706?
2, 353
List the prime factors of 1078.
2, 7, 11
List the prime factors of 25769.
73, 353
List the prime factors of 96542.
2, 48271
List the prime factors of 5772.
2, 3, 13, 37
List the prime factors of 9859.
9859
What are the prime factors of 4277?
7, 13, 47
List the prime factors of 9838.
2, 4919
What are the prime factors of 448?
2, 7
What are the prime factors of 71054?
2, 35527
What are the prime factors of 41720?
2, 5, 7, 149
What are the prime factors of 1776?
2, 3, 37
What are the prime factors of 157721?
157721
What are the prime factors of 440?
2, 5, 11
What are the prime factors of 2546?
2, 19, 67
What are the prime factors of 396?
2, 3, 11
What are the prime factors of 5132?
2, 1283
What are the prime factors of 22548?
2, 3, 1879
List the prime factors of 194.
2, 97
List the prime factors of 11976.
2, 3, 499
What are the prime factors of 13867?
7, 283
List the prime factors of 129499.
129499
What are the prime factors of 44340?
2, 3, 5, 739
What are the prime factors of 19850?
2, 5, 397
What are the prime factors of 1610?
2, 5, 7, 23
What are the prime factors of 6097?
7, 13, 67
What are the prime factors of 8760?
2, 3, 5, 73
What are the prime factors of 58?
2, 29
What are the prime factors of 20553?
3, 13, 17, 31
What are the prime factors of 1667?
1667
List the prime factors of 4046.
2, 7, 17
What are the prime factors of 5189?
5189
What are the prime factors of 22942?
2, 11471
List the prime factors of 62029.
11, 5639
List the prime factors of 1976.
2, 13, 19
List the prime factors of 10315.
5, 2063
What are the prime factors of 2673?
3, 11
List the prime factors of 14014.
2, 7, 11, 13
List the prime factors of 3899.
7, 557
List the prime factors of 79572.
2, 3, 19, 349
List the prime factors of 13927.
19, 733
What are the prime factors of 4?
2
What are the prime factors of 130?
2, 5, 13
List the prime factors of 27517.
7, 3931
What are the prime factors of 75384?
2, 3, 349
What are the prime factors of 5453?
7, 19, 41
What are the prime factors of 2062?
2, 1031
List the prime factors of 1267.
7, 181
List the prime factors of 1329.
3, 443
List the prime factors of 164805.
3, 5, 10987
What are the prime factors of 621?
3, 23
What are the prime factors of 2764?
2, 691
List the prime factors of 39422.
2, 23, 857
What are the prime factors of 96306?
2, 3, 7, 2293
List the prime factors of 26950.
2, 5, 7, 11
What are the prime factors of 23549?
23549
List the prime factors of 4947.
3, 17, 97
List the prime factors of 127.
127
List the prime factors of 17281.
11, 1571
What are the prime factors of 1870?
2, 5, 11, 17
List the prime factors of 160534.
2, 11, 7297
List the prime factors of 1980.
2, 3, 5, 11
What are the prime factors of 105439?
97, 1087
What are the prime factors of 15625?
5
What are the prime factors of 608?
2, 19
List the prime factors of 145.
5, 29
List the prime factors of 9186.
2, 3, 1531
What are the prime factors of 4808?
2, 601
List the prime factors of 1933.
1933
List the prime factors of 6657.
3, 7, 317
What are the prime factors of 94918?
2, 47459
What are the prime factors of 4838?
2, 41, 59
What are the prime factors of 2382?
2, 3, 397
List the prime factors of 27918.
2, 3, 11, 47
List the prime factors of 2134.
2, 11, 97
List the prime factors of 1197.
3, 7, 19
List the prime factors of 1624.
2, 7, 29
List the prime factors of 67509.
3, 13, 577
List the prime factors of 3624.
2, 3, 151
List the prime factors of 2228.
2, 557
What are the prime factors of 844?
2, 211
List the prime factors of 4321.
29, 149
What are the prime factors of 37253?
37253
List the prime factors of 31325.
5, 7, 179
What are the prime factors of 4131?
3, 17
List the prime factors of 11025.
3, 5, 7
What are the prime factors of 26110?
2, 5, 7, 373
What are the prime factors of 6519?
3, 41, 53
What are the prime factors of 169?
13
List the prime factors of 122094.
2, 3, 7, 17, 19
List the prime factors of 93283.
93283
List the prime factors of 9654.
2, 3, 1609
What are the prime factors of 126411?
3, 29, 1453
What are the prime factors of 944?
2, 59
What are the prime factors of 3853?
3853
What are the prime factors of 2951?
13, 227
List the prime factors of 4875.
3, 5, 13
What are the prime factors of 5157?
3, 191
What are the prime factors of 29897?
7, 4271
List the prime factors of 34813.
31, 1123
List the prime factors of 1445.
5, 17
What are the prime factors of 1934?
2, 967
List the prime factors of 2351.
2351
What are the prime factors of 409?
409
What are the prime factors of 61711?
13, 47, 101
What are the prime factors of 44783?
19, 2357
List the prime factors of 105822.
2, 3, 5879
What are the prime factors of 1315?
5, 263
List the prime factors of 94818.
2, 3, 15803
List the prime factors of 950.
2, 5, 19
What are the prime factors of 11575?
5, 463
What are the prime factors of 50644?
2, 11, 1151
List the prime factors of 528.
2, 3, 11
List the prime factors of 68340.
2, 3, 5, 17, 67
List the prime factors of 2382.
2, 3, 397
What are the prime factors of 28733?
59, 487
What are the prime factors of 2456?
2, 307
List the prime factors of 50710.